MONTHLY CLIMATOLOGICAL SUMMARY for SEP. 2013

NAME: NLOvp2 CITY: STATE:
ELEV: 172 m LAT: 50° 36' 00" N LONG: 3° 06' 00" W

TEMPERATURE (°C), RAIN (mm), WIND SPEED (mph)

HEAT COOL AVG
MEAN DEG DEG WIND DOM
DAY TEMP HIGH TIME LOW TIME DAYS DAYS RAIN SPEED HIGH TIME DIR
------------------------------------------------------------------------------------
1 14.5 20.5 16:00 10.1 7:00 4.1 0.2 0.0 4.2 18.0 22:00 N
2 16.0 21.3 17:00 11.7 3:00 2.8 0.4 0.0 5.0 18.0 9:00 WNW
3 16.1 21.4 14:00 12.8 5:00 2.6 0.3 0.0 1.8 11.0 2:00 ESE
4 15.1 17.8 16:00 13.2 00:00 3.2 0.0 0.2 1.9 11.0 14:00 E
5 16.5 23.2 17:00 10.3 7:00 2.8 0.9 0.4 4.0 17.0 00:00 NNW
6 12.7 16.9 14:00 8.8 00:00 5.6 0.0 1.4 3.7 16.0 1:00 NNW
7 10.2 15.1 13:00 7.6 5:00 8.1 0.0 3.0 1.9 13.0 13:00 WNW
8 11.3 14.4 14:00 8.4 3:00 7.1 0.0 0.6 1.7 12.0 17:00 S
9 14.1 18.8 14:00 10.1 00:00 4.3 0.0 0.0 4.3 20.0 15:00 NW
10 12.7 17.6 14:00 9.5 2:00 5.6 0.0 0.0 5.4 23.0 21:00 NNW
11 12.5 15.4 12:00 10.2 7:00 5.8 0.0 0.0 3.7 17.0 17:00 NNW
12 15.7 18.7 14:00 13.3 1:00 2.6 0.0 0.2 2.2 16.0 22:00 NNW
13 15.3 17.3 14:00 10.9 00:00 3.1 0.0 0.0 3.4 21.0 00:00 W
14 11.8 15.9 16:00 8.3 6:00 6.6 0.0 0.0 3.9 16.0 13:00 NNW
15 11.9 15.3 18:00 8.3 5:00 6.4 0.0 0.0 4.5 25.0 19:00 W
16 10.1 13.2 15:00 7.9 8:00 8.2 0.0 0.0 7.1 35.0 17:00 W
17 12.6 15.9 16:00 9.2 1:00 5.8 0.0 0.0 7.1 37.0 17:00 W
18 12.4 15.8 15:00 9.3 22:00 5.9 0.0 0.0 6.1 25.0 18:00 W
19 12.6 17.0 16:00 9.4 4:00 5.8 0.0 0.0 4.8 22.0 16:00 W
20 11.9 16.2 15:00 9.3 7:00 4.0 0.0 0.0 3.6 15.0 5:00 W
21
22
23
24
25
26 --- --- --- --- --- 0.0 0.0 0.0 0.0 0.0 --- ---
27 --- --- --- --- --- 0.0 0.0 0.0 0.0 0.0 --- ---
28 --- --- --- --- --- 0.0 0.0 0.0 0.0 0.0 --- ---
29 --- --- --- --- --- 0.0 0.0 0.0 0.0 0.0 --- ---
30 --- --- --- --- --- 0.0 0.0 0.0 0.0 0.0 --- ---
-------------------------------------------------------------------------------------
13.3 23.2 5 7.6 7 100.3 1.9 5.8 3.2 37.0 17 W

Max >= 32.0: 0
Max <= 0.0: 0
Min <= 0.0: 0
Min <= -18.0: 0
Max Rain: 3.00 ON 07/09/13
Days of Rain: 6 (> .2 mm) 1 (> 2 mm) 0 (> 20 mm)
Heat Base: 18.3 Cool Base: 18.3 Method: Integration